of g and 8?
4
Suppose 3*c - 2*c = -3*w + 28, 5*c + 2*w - 88 = 0. Calculate the greatest common factor of c and 24.
8
Suppose -2 = -r + c, 4*r - 2*c - 5 - 5 = 0. Calculate the greatest common factor of 2 and r.
1
Suppose -2*v + 3*g = 3, 0 = -2*v - 3*v + 5*g. Let k be 3 - (v/3 - 10). Calculate the greatest common divisor of 4 and k.
4
Let g be 4/10 - (-630)/50. Calculate the highest common divisor of g and 13.
13
Let c = -5 + 16. Let g(t) = -3*t**2 - 4*t - 2. Let s be g(-2). Let j be (-458)/s + (-8)/(-12). What is the highest common factor of c and j?
11
Suppose u + 5*y + 21 = 0, 2 = 3*u - 0*y + 2*y. What is the highest common factor of u and 4?
4
Let k be ((-2)/(-10))/(2/20). What is the highest common factor of k and 12?
2
Let g(r) = -4*r - 1. Let j = 10 + -15. Let d be g(j). Calculate the highest common divisor of 19 and d.
19
Suppose v - 13 = -2*g - g, -5*g = -2*v - 18. Suppose g*z = -7 + 79. Let f be 32/(-24)*z/(-2). What is the highest common divisor of 96 and f?
12
Let z = -36 - -105. Let t(o) = o**3 + 9*o**2 + 13*o + 11. Let q be t(-8). Let b = z + q. Calculate the highest common divisor of b and 10.
10
Let c = -7 + 4. Let j(z) = -z**3 - 3*z**2 - 3*z + 2. Let y be j(c). What is the greatest common divisor of y and 55?
11
Let m(p) = 2*p**3 - 6*p**2 - 7*p + 10. Let x be m(4). What is the highest common factor of x and 14?
14
Let q be 1*(-1)/(-3)*15. Suppose -6*s = 273 - 801. Suppose -4*w = 5*b - 2*w - 108, 4*b - s = -2*w. What is the highest common divisor of q and b?
5
Let l(x) = -15*x**3 - x**2 - x. Let p be l(-1). Suppose z = 5*b - 19, -b + 3*b = 10. What is the greatest common factor of p and z?
3
Let b be (-22)/(-2 - 48/(-26)). What is the highest common factor of b and 13?
13
Suppose 0 = -5*u - 3*b + 40, -3*u + 0*b = -3*b. Suppose 4*o = -x - 7 + 20, -u*x + 42 = -3*o. Calculate the highest common factor of x and 72.
9
Let p(d) = -5 + 5*d**2 - 2*d**2 + 4*d - d**2. Let c be p(5). Calculate the highest common factor of c and 13.
13
Let l(v) = 12*v**2 + 2*v - 2. Let d be l(-2). Suppose -4*o - 14 + d = 0. Suppose 5*h = o + 8. Calculate the greatest common factor of h and 3.
3
Suppose -a = 5*y + 2*a - 101, -4*y = -5*a - 103. Calculate the highest common factor of y and 55.
11
Let k(o) = -o**3 - 3*o**2 - 2*o - 4. Let c be k(-3). Let u(l) = -11*l. Let s be u(-2). Let w = s - c. What is the greatest common factor of w and 5?
5
Suppose -2*g + 6 = -4. Suppose -4*m = -i - 33, 3*m + m - g*i = 37. What is the highest common factor of 2 and m?
2
Let k(s) = s**3 + 9*s**2 - 36*s + 9. Let f be k(-12). Let c be (0 - -2)*27/2. What is the highest common factor of c and f?
9
Let i = -5 - -19. Suppose 0 = 3*g - g - i. What is the highest common divisor of g and 14?
7
Let u(x) = x**2 - x. Let l be u(2). Suppose i + 0*i + 2*t = 9, -t - 23 = -l*i. Suppose -7*p + 176 = -3*p. Calculate the greatest common divisor of i and p.
11
Let h = -2 - -2. Suppose 7*x - 2*x - 80 = h. Let g = x + -6. What is the highest common divisor of g and 70?
10
Suppose 0 = -5*b + 7 + 3. Let l(j) = 4*j**3 - j**2 + 1. Let f be l(2). Suppose -f = -b*p + 3. Calculate the greatest common factor of p and 8.
8
Let k be ((-18)/(-8))/(4/48). Calculate the greatest common factor of k and 189.
27
Suppose 33 = -3*l + 150. Suppose 3*z = 3*t + l, 5*z + t - 90 + 7 = 0. Calculate the highest common factor of z and 64.
16
Let a = -144 - -234. Suppose 4*g = 9*g - a. What is the highest common factor of 9 and g?
9
Suppose 0 = 5*z - 52 - 13. Let b(h) = 8*h**3 + h**2 - 1. Let p be b(1). Let s be (-5 + p)*52/6. What is the greatest common divisor of z and s?
13
Let r = 142 - 86. What is the highest common divisor of 16 and r?
8
Suppose -132 = -5*h + 4*l, -137 = -5*h + l + 1. Calculate the greatest common factor of h and 308.
28
Let h = 42 - 8. Suppose 29*j = h*j - 65. What is the greatest common factor of j and 13?
13
Let h(y) = y**3 - 2*y**2 - 14*y - 8. Let n be h(8). Calculate the greatest common divisor of 33 and n.
33
Let a(k) = 3*k**3 - 2*k**2 - k. Let q be a(2). Suppose -5*s - 3*l = -268, 0 = 5*l + 13 + 7. What is the greatest common factor of s and q?
14
Let c be ((-59)/(-1) + 1)*4/8. What is the highest common divisor of c and 6?
6
Suppose -16*i + 1453 = -1907. What is the highest common divisor of 15 and i?
15
Suppose 317 - 922 = -5*h. Suppose 5*y = -j + 243, 37 - h = -2*y + 4*j. What is the greatest common factor of 12 and y?
12
Let p be 13 - (0 - 2 - -2). Let g(u) = 3*u**2 - 2*u - 1. Let m be g(4). Calculate the greatest common factor of m and p.
13
Suppose 0 = -o - 2*w - 806, -2*w + 4030 = -5*o + 3*w. Let l be o/(-10) + (-2)/(-5). Let k = -46 + l. Calculate the greatest common factor of 5 and k.
5
Let p be (24 - 8)*2/4. Let u be (-2)/((-1)/p*2). What is the highest common factor of u and 20?
4
Let h = 26 + -6. Suppose w = -1 + 6. Calculate the greatest common divisor of h and w.
5
Let v = 115 - 111. Let h(n) = -n - 2. Let u be h(-3). What is the greatest common divisor of v and u?
1
Suppose 0 = 5*p - 73 - 67. Let u = 2 - -6. Suppose -3*j + u*j = 20. What is the highest common factor of j and p?
4
Let z(i) = 23*i**3 + i**2. Let f be z(1). Suppose s + p = -s + 35, 0 = -2*p + 6. What is the highest common divisor of f and s?
8
Let k(l) = 37*l**3 - 2*l**2 + l. Let r be k(1). What is the highest common factor of 9 and r?
9
Let i = 40 - 5. Calculate the highest common factor of 5 and i.
5
Suppose -3*m + 110 = -4*l, 5*m + 5*l - 95 = m. Suppose 3*g + 6 = m. Suppose 0 = -0*t - t + 72. Calculate the greatest common factor of t and g.
8
Let m be 10/(150/445) + 1/3. Calculate the greatest common factor of m and 105.
15
Let z(r) = r**2 + 3*r - 6. Let d be z(-6). Calculate the highest common factor of d and 3.
3
Suppose 0 = 5*s - 6*s, 4*r + 4*s - 92 = 0. What is the highest common factor of r and 253?
23
Let p be ((-156)/30)/(2/(-10)). What is the highest common divisor of p and 65?
13
Let r(c) = 2*c**2 - 9*c. Let k be r(6). Let h(x) = -x**3 + 3*x**2 + 3*x. Let g be h(3). Calculate the greatest common factor of g and k.
9
Let l be (4/6)/(2/9). Suppose l*z + 16 = 7*z. What is the greatest common factor of z and 4?
4
Suppose -3*u + 97 = 3*z - 263, 0 = 3*z + 5*u - 366. What is the greatest common factor of z and 9?
9
Let o be 2/12 - 531/(-54). Calculate the greatest common factor of o and 2.
2
Suppose -2*m + 6*m = 8. Suppose k + 7*b + 12 = m*b, 0 = -2*k - 4*b - 6. Calculate the greatest common divisor of k and 9.
3
Let i = 21 + -5. Let h be (-590)/(-6) - i/(-24). Suppose -18 = -5*r + 37. What is the greatest common divisor of h and r?
11
Suppose 0 = -5*o + 3*o + 2. Let i be o/2 - 58/(-4). Let f be (-1 + 11)*(6/4 + -1). Calculate the highest common factor of f and i.
5
Suppose -13 = k - 38. Suppose 0 = -2*j + 3 + k. Calculate the highest common divisor of j and 126.
14
Let c be 7*((-528)/(-189) - (-6)/(-27)). What is the highest common factor of 45 and c?
9
Let z be 8/(-8)*(0 - 3). Suppose -z*r = -5*r + 8. What is the highest common divisor of r and 4?
4
Let g = -1 + 5. Suppose 349 = g*z + 5*a, 5*a - a = 5*z - 385. What is the greatest common divisor of z and 9?
9
Suppose -85 = 7*f - 505. What is the highest common factor of f and 24?
12
Let a = -41 + 68. Suppose -15*y + 4*y = -198. Calculate the highest common divisor of y and a.
9
Suppose 6 = -5*w + 21. Suppose w*y - 7*y = -144. Suppose i = -3*u + 19, 0*i - 3*i = 2*u - y. What is the greatest common divisor of 80 and i?
10
Let y be 18 - (-15)/10*(-8)/3. Calculate the highest common factor of 154 and y.
14
Suppose 5*s - 184 = 4*b + 34, 3*b = -4*s + 162. Let d be (4/(-6))/((-4)/s). What is the highest common divisor of 35 and d?
7
Let s be 8/24*(18 + 0). Let k(y) = -3 + 0 + 4 + s*y**2 + 4*y**2 - 2*y. Let x be k(-2). What is the greatest common factor of 15 and x?
15
Let n be (-1)/4 - (-453)/(-12). Let b = 86 + n. What is the greatest common divisor of 12 and b?
12
Suppose -5*h - n = -0*h - 14, -2*h + 4 = 2*n. Suppose -140 = -5*f + h*f. Calculate the greatest common divisor of f and 14.
14
Suppose -w = -3*w + 16. Let t = 83 - 51. Suppose 4*b + 0 = t. What is the greatest common divisor of b and w?
8
Let t be 1 + -2 - -3 - -28. Suppose -28 = -4*v - 4*d, -d - 5 = -4*v + 3. Let u be 2 + -5 - -12 - v. What is the highest common divisor of t and u?
6
Let v(u) = -